mon divisor of 354475 and 100?
25
What is the greatest common factor of 42 and 1654191?
21
What is the greatest common divisor of 20892 and 18?
6
What is the greatest common factor of 11 and 389829?
11
Calculate the greatest common divisor of 37 and 11174.
37
Calculate the greatest common factor of 22505 and 10931.
643
Calculate the highest common factor of 406 and 307342.
406
Calculate the greatest common factor of 891 and 578853.
297
Calculate the highest common factor of 160 and 414320.
80
What is the highest common factor of 7922 and 20038?
466
What is the greatest common factor of 659 and 809911?
659
Calculate the highest common divisor of 225 and 92385.
45
What is the greatest common factor of 9 and 1685682?
9
What is the greatest common divisor of 1749 and 361248?
159
What is the greatest common factor of 46200 and 22925?
175
Calculate the highest common factor of 1428332 and 4.
4
What is the greatest common divisor of 1134 and 756?
378
What is the highest common divisor of 1995 and 34143?
57
Calculate the greatest common factor of 5184 and 1836.
108
What is the highest common factor of 34730 and 4?
2
What is the greatest common factor of 240174 and 396?
198
What is the greatest common factor of 56 and 401216?
8
Calculate the greatest common divisor of 39546 and 3384.
18
Calculate the highest common divisor of 4139 and 3.
1
Calculate the highest common divisor of 441 and 844466.
49
What is the highest common divisor of 15125 and 25?
25
Calculate the greatest common divisor of 1419 and 1441.
11
Calculate the highest common factor of 146259 and 54.
27
What is the highest common factor of 101115 and 5?
5
What is the greatest common factor of 35073 and 2165?
433
What is the highest common divisor of 36771 and 4692?
51
What is the greatest common factor of 16 and 4856?
8
Calculate the greatest common divisor of 1389165 and 105.
15
What is the greatest common divisor of 1911 and 22659?
273
What is the highest common divisor of 37446 and 14694?
474
Calculate the greatest common divisor of 257079 and 469.
67
Calculate the highest common factor of 105 and 5080215.
105
What is the greatest common divisor of 3966728 and 218?
218
What is the highest common divisor of 70 and 1741670?
70
What is the greatest common divisor of 70 and 79330?
10
Calculate the highest common divisor of 31191 and 444.
111
Calculate the highest common divisor of 1469 and 2509.
13
What is the highest common divisor of 806 and 221247?
403
Calculate the greatest common divisor of 75218 and 416.
26
Calculate the highest common factor of 13932 and 156.
12
What is the greatest common divisor of 3 and 617?
1
What is the highest common divisor of 833 and 196?
49
Calculate the highest common divisor of 370080 and 2400.
480
What is the greatest common factor of 8027 and 5933?
349
What is the highest common divisor of 35 and 600110?
35
What is the greatest common factor of 535 and 107?
107
Calculate the highest common factor of 5516 and 41188.
28
What is the highest common factor of 33 and 249135?
3
What is the greatest common divisor of 960 and 2510?
10
What is the greatest common factor of 517 and 984885?
517
What is the highest common divisor of 12 and 409524?
12
Calculate the highest common divisor of 210 and 33656.
14
What is the greatest common factor of 6622 and 22?
22
What is the highest common divisor of 234 and 5634?
18
What is the greatest common divisor of 185 and 132941?
37
What is the greatest common factor of 40175 and 800?
25
Calculate the greatest common factor of 198 and 21538.
22
Calculate the highest common divisor of 19 and 5735853.
19
What is the greatest common factor of 50 and 4249670?
10
What is the highest common factor of 50 and 121430?
10
Calculate the highest common divisor of 3451 and 21721.
203
Calculate the greatest common factor of 17448 and 96.
24
Calculate the greatest common divisor of 2607 and 1463.
11
What is the greatest common factor of 5251 and 177?
59
Calculate the highest common divisor of 20 and 3578760.
20
Calculate the greatest common factor of 1248 and 89076.
156
What is the greatest common divisor of 1404 and 25454?
26
What is the highest common divisor of 136 and 321623?
17
Calculate the greatest common divisor of 210 and 56252.
14
What is the greatest common factor of 9595 and 2565?
95
What is the highest common divisor of 12698 and 476?
14
Calculate the greatest common divisor of 28966 and 224.
14
Calculate the greatest common factor of 1509 and 2332411.
503
What is the greatest common divisor of 95135 and 7261?
53
What is the greatest common factor of 207 and 121440?
69
What is the greatest common divisor of 594 and 69246?
18
What is the highest common factor of 5371 and 655?
131
What is the greatest common divisor of 1428 and 1596?
84
What is the highest common divisor of 724885 and 35?
35
Calculate the greatest common factor of 351804 and 1824.
228
Calculate the greatest common factor of 20940 and 21987.
1047
Calculate the highest common factor of 2024 and 13432.
184
What is the greatest common factor of 85 and 3145?
85
Calculate the highest common factor of 9487 and 636.
53
Calculate the greatest common factor of 1491 and 224.
7
What is the greatest common divisor of 897118 and 5816?
1454
Calculate the greatest common factor of 109836 and 2673.
243
Calculate the greatest common divisor of 261305 and 110.
55
Calculate the greatest common factor of 17010 and 6570.
90
Calculate the highest common divisor of 336774 and 111.
111
Calculate the greatest common divisor of 150 and 2299125.
75
What is the highest common divisor of 22112 and 8672?
32
Calculate the greatest common factor of 258 and 624360.
258
Calculate the highest common divisor of 13 and 2628431.
13
Calculate the greatest common factor of 4432065 and 495.
165
What is the greatest common divisor of 1278 and 7965774?
1278
What is the highest common factor of 9 and 1233?
9
Calculate the highest common factor of 340 and 1233010.
170
Calculate the highest common divisor of 714 and 26622.
102
What is the greatest common divisor of 34364 and 11000?
44
Calculate the greatest common factor of 538 and 64022.
538
What is the greatest common factor of 473 and 2585?
11
Calculate the greatest common factor of 806652 and 27.
27
What is the greatest common divisor of 17120 and 12240?
80
Calculate the highest common divisor of 36751 and 286.
143
Calculate the highest common divisor of 10784935 and 35.
35
Calculate the highest common factor of 150349 and 5391.
599
What is the greatest common divisor of 3185 and 13845?
65
What is the greatest common divisor of 13 and 74?
1
Calculate the greatest common factor of 57024 and 2432.
64
What is the highest common factor of 71990 and 4600?
230
What is the greatest common divisor of 2663021 and 19?
19
What is the greatest common factor of 5913 and 33939?
81
What is the greatest common factor of 208816 and 704?
16
What is the greatest common factor of 2384 and 170?
2
What is the highest common factor of 45316 and 28?
4
Calculate the highest common factor of 9516204 and 1277.
1277
What is the greatest common divisor of 18 and 48105?
9
What is the greatest common factor of 561 and 379049?
187
Calculate the greatest common divisor of 20041 and 2303.
49
Calculate the highest common divisor of 20119 and 341.
341
What is the highest common factor of 148004 and 11084?
652
Calculate the highest common divisor of 5730 and 86070.
30
What is the highest common factor of 33153 and 559?
43
What is the greatest common factor of 620 and 2390?
10
What is the highest common divisor of 722087 and 227?
227
What is the highest common factor of 237 and 1296?
3
Calculate the greatest common factor of 1080 and 4185.
135
Calculate the highest common divisor of 4810 and 1040.
130
Calculate the highest common divisor of 583800 and 510.
30
Calculate the greatest common divisor of 737 and 33433.
67
Calculate the highest common factor of 18100 and 625.
25
Calculate the highest common divisor of 494346 and 2538.
282
Calculate the highest common factor of 22742 and 2158.
166
Calculate the highest common divisor of 9 and 998793.
9
What is the highest common factor of 1482 and 8567?
13
Calculate the greatest common factor of 12160 and 2128.
304
What is the greatest common facto